 = 3 - 13. Give n(b).
-2
Let u(d) = -d**3 + d**2 - d + 10. Let t(g) = -3*g**3 + 4*g**2 - 3*g + 30. Let q(n) = -6*t(n) + 17*u(n). Let w be q(7). Let o(f) = -f**2 - 4*f + 4. What is o(w)?
7
Let y = -3 - 2. Let f(u) = -u**3 - 4*u**2 + 5*u - 3. Determine f(y).
-3
Suppose 4*p - 4 = 2*p. Let z(g) = -2*g**p + 3*g**2 + 1 - 1 - 2*g. Give z(2).
0
Let d(w) be the third derivative of w**4/6 - w**3/3 + w**2. What is d(3)?
10
Let q(r) = -11*r**3 + 2*r**2 + r. Let l be 1/(-2)*(-5 - -7). What is q(l)?
12
Let h = -7 + 5. Let w = -6 - h. Let f(z) = z**3 + 3*z**2 - 3*z + 2. Give f(w).
-2
Let x(l) = l - 5 + 7 - 2*l. Calculate x(-7).
9
Let k(o) = 2*o + 4 - 1 - o + 0*o. Give k(3).
6
Suppose -4 = -4*m - 0, -4*i = m + 15. Let a(n) = -3*n - 3. Let t(l) = -3*l - 2. Let g(c) = 4*a(c) - 3*t(c). What is g(i)?
6
Let i(y) = 2*y - 3. Let s be i(5). Suppose -2*z + s*z = 60. Let r = 7 - z. Let m(k) = k**3 + 4*k**2 - 6*k - 7. Determine m(r).
-2
Let w be -2 + -2 + 1 + -1. Let x(q) = 2*q + 1. Let z(k) = k. Let b(c) = -4*x(c) + 7*z(c). Determine b(w).
0
Let u(x) = -2*x + 6. Let z(b) = -2*b + 5. Let r(f) = 3*u(f) - 4*z(f). Let j(g) = g + 3. Let h be j(3). Suppose n - 2*k = 14, -h*k = -2*k + 20. Give r(n).
6
Let c(j) = -j - 8*j + 2*j + 3. What is c(2)?
-11
Let q(x) be the first derivative of x**7/840 - x**5/120 - 4*x**3/3 - 3. Let n(p) be the third derivative of q(p). Give n(1).
0
Let o(u) = -u + 6. Let k(z) = z**3 - 2*z**2 - 2*z - 3. Suppose 0 = 5*g - 4*q - q - 40, 0 = 5*q + 25. Let r be k(g). Give o(r).
6
Let v(a) be the third derivative of a**6/120 + a**5/10 - 5*a**4/24 + 3*a**3/2 + 15*a**2. Determine v(-7).
-5
Let z(n) be the second derivative of n**6/72 - n**5/120 + 5*n**4/12 - 9*n. Let b(i) be the third derivative of z(i). Give b(1).
9
Let r(o) be the second derivative of -o**5/20 + o**3/3 - 2*o. Let l(s) = -s**2 - 9*s - 6. Let u be l(-8). Determine r(u).
-4
Let t(s) = s**2 + 2*s. Let a = 11 + -6. Suppose -5*c = 5, -a*h - 6 - 2 = -2*c. Determine t(h).
0
Let h(j) = 2*j + 10. Let u(d) = -d**3 + 12*d**2 - 11*d + 9. Let q be u(11). Let i = -16 + q. Give h(i).
-4
Let p(m) = -7*m - 2. Let a(d) = -11*d - 3. Let y(o) = 5*a(o) - 8*p(o). Let s be 1/(2/(-4))*2. Give y(s).
-3
Let l(p) = 8*p - 1. Let r = -53 - -55. Determine l(r).
15
Suppose 3*x + 1 - 13 = 0. Let i(b) = 0*b**2 + b - x*b - 3 + b**2. Suppose 12 = 6*m - 3*m. What is i(m)?
1
Suppose 3*l + 5*d + 34 = 0, -3*d = 3 + 12. Let j be 1/l - (-20)/6. Suppose -r - 5 = -w, -j*w + 11 + 4 = 2*r. Let p(h) = -h**2 + 5*h + 1. Give p(w).
1
Let z(q) = -4*q**3 + 7*q**2 + 3*q - 4. Suppose 0 = -5*b - 3*p + 20, -4*b - p - 2*p = -19. Let j(n) = n**3 - n + 1. Let s(l) = b*z(l) + 3*j(l). Calculate s(7).
-1
Let c be (-3)/(-12) - (-85)/(-20). Let l(f) = 5*f**3 - 4*f**2 + 5*f + 4. Let x(o) = -o**3 + o**2 - o + 1. Let n(w) = c*x(w) - l(w). Determine n(0).
-8
Let j(u) = 3*u - 1. Let s be (2 + 0)*(-25)/10. Let q(c) = -2*c + 1. Let b(o) = s*q(o) - 2*j(o). What is b(2)?
5
Let a(d) = 7*d**2 - 1. Let v be a(1). Let n be (-4)/v + (-4)/3. Let m = n - -3. Let h(k) = -k**3 - k. Give h(m).
-2
Let x be 0/(5 - (-1 - -3)). Suppose x = -0*a - 3*a + 6. Let s(p) = 4*p**2 - p**a + 9 - 5 - 3. Give s(1).
4
Let j(n) = -n**2 - 3*n - 28 - 2*n**3 + 2*n + 29. What is j(1)?
-3
Let s(q) be the second derivative of -q**4/12 + q**2 + 2*q. Calculate s(2).
-2
Let u(j) = j - 10. Let y be 4 - (-3)/6*2. Give u(y).
-5
Let i = -3 + 5. Let t(v) = 1. Let l(p) = -p**2 + p - 6. Let b(m) = -2*l(m) - 14*t(m). Give b(i).
2
Let b(v) = -257*v**2 - 261*v**2 - 7 + 526*v**2 - 5*v - v**3. What is b(7)?
7
Let p = 18 - 71/4. Let b(n) be the third derivative of -2*n**2 + p*n**4 + 0 - 1/60*n**5 - 5/6*n**3 + 0*n. Determine b(4).
3
Let o(s) = -s + 4. Let d(a) = -1. Let p(b) = 2*d(b) + o(b). Let v = 3 - 8. Determine p(v).
7
Let u(n) = n - 4*n**2 + 2*n + 6*n**2. Let s be (-3 + (3 - 0))/(-2). Suppose s = -2*p - 4*k, 3*p - 3*k = 2*k - 11. What is u(p)?
2
Let q(w) be the first derivative of -2*w**2 - w + 24. What is q(1)?
-5
Let h(g) = 12 + 4 - g + 0. Let s(u) = -u**3 - 13*u**2 - 9*u + 36. Let z be s(-12). Determine h(z).
16
Let y(t) be the second derivative of 0 - 3*t - 1/6*t**3 + 7/2*t**2. Determine y(3).
4
Let r(k) be the third derivative of k**6/120 + k**5/60 - 28*k**2. What is r(-1)?
0
Let n(o) be the second derivative of -o**3/3 + o**2/2 + o. Let q = 258 + -255. Give n(q).
-5
Let v(d) = 7*d + 1. Let i(l) = 8*l. Let g(u) = 4*i(u) - 5*v(u). Suppose 122*f = 120*f - 10. What is g(f)?
10
Let u(b) = b**3 - 5*b**2 + 6*b - 3. Suppose -6 = -2*w + 2. Determine u(w).
5
Let m(g) = 0 - 1 + 2*g + 2. Let q be -5 + 4/(0 - -2). Let f be m(q). Let s(r) = r**3 + 6*r**2 + 7*r + 1. Determine s(f).
-9
Let j(y) = -2*y - 3. Suppose 6 = 23*g - 21*g. Give j(g).
-9
Let i(y) be the second derivative of y**5/20 + 3*y**4/4 + y**3/6 + y**2/2 - 14*y + 1. Give i(-9).
-8
Let f(g) = g - 3. Let v(n) = -n**2 + 1. Let j(a) = a**3 + 6*a**2 + 4*a - 1. Let l(k) = -j(k) - 4*v(k). Let t be l(-2). Give f(t).
2
Suppose 5*m - 5 = -5*u - 0, -1 = -5*u - 4*m. Let g(d) = d**3 + 3*d**2 + 2*d + 2. Calculate g(u).
-4
Let i(j) = 3*j**2. Let h(k) = 7*k**2 + k + 1. Let u(x) = -2*h(x) + 5*i(x). What is u(4)?
6
Let j be -1 + (4/2 - -5). Let k(s) = 4*s + 0*s - j*s. Suppose 18 = 3*c + 9. What is k(c)?
-6
Let p(h) = -3*h - 2. Let i be (-18)/(-6)*(-4)/(-6). Let r = 0 - i. Determine p(r).
4
Let f = 11 + -5. Let k = f - 3. Let w(d) = -d - 4. Calculate w(k).
-7
Let o(q) = 4*q**2 + 3*q. Let b(a) = -a - 2. Let v be b(8). Let x = -7 - v. Suppose 3 = -3*f - x. Determine o(f).
10
Let y(t) be the second derivative of -2*t + 0*t**2 + 0 + 0*t**3 - 1/2*t**4. Suppose 3*b - 1 + 4 = 0. Give y(b).
-6
Let f(z) = -2*z**2 + 3*z - 2. Suppose 11 = -h + 2*d, -5*h - 4*d + 6*d - 23 = 0. Let x(v) = v**3 - 6*v**2 - 4*v + 30. Let i be x(6). Let y = i + h. Give f(y).
-11
Suppose -5*n - 10 = -7*n. Let p(l) be the third derivative of -l**5/60 + l**4/6 - l**2. Give p(n).
-5
Suppose 0 = -5*w - 4*x - 8, -5 = -w + x - 4*x. Let v be -1*(2 - 8/w). Let o(u) be the second derivative of u**4/12 + u**3/2 + u**2/2 + 2*u. Calculate o(v).
5
Suppose 0 = -2*z + 2 + 4. Suppose -2*r - 1 = -z*k, 2*k + 3 = 5*r - 11. Let h(d) = -d + 2. Calculate h(r).
-2
Let t(x) = -2*x - 9. Suppose 4*n = 8*n + 36. Give t(n).
9
Let r be 0 - 0 - (-4)/4. Let q be (-1 - (-1)/r)/(-1). Suppose -n + 3 = -h + n, q = 3*h + 5*n - 13. Let p(f) = 4*f**3 - f**2. Give p(h).
3
Let j(z) = -2*z**2 + 4 - 2*z**2 + 0*z**2 - z + 3*z**2. What is j(0)?
4
Let g(c) = -3*c. Suppose -2*r = -1 + 7. Let u = r - -5. Give g(u).
-6
Let n(d) be the third derivative of -d**5/60 + d**4/2 - 5*d**3/6 - 7*d**2. Let x be n(11). Let m(w) = -2*w + 2. Calculate m(x).
-10
Suppose -3*k + k = 8. Let o be (-8)/(-2)*(-2)/k. Suppose -3*i - o = -5*j, -3 = -3*i - 0. Let y(a) = 2*a**3 + a**2 - 2*a + 1. What is y(j)?
2
Let n(u) = 6*u**2 + u - 2. Let r be n(1). Suppose -g + 8 = r. Let j(s) = s**3 - 4*s**2 - 3. Calculate j(g).
-12
Let n(a) be the first derivative of -a**4/4 + 5*a**2/2 + 2*a + 16. Calculate n(-3).
14
Suppose 4*v + v = -3*f - 2, -v - 2*f - 6 = 0. Let j(q) = -2*q**2 + 2*q**2 + 0*q**2 + q**v. Suppose -5*s - 2 = 8. Calculate j(s).
4
Let w(r) = r - 2. Let a(c) = -c**2 + 9*c + 8. Let d be a(11). Let s = -19 - d. What is w(s)?
-7
Let g(n) be the first derivative of -1 - 1/24*n**4 + 1/30*n**5 + n**3 + 0*n**2 + 0*n. Let p(t) be the third derivative of g(t). Determine p(3).
11
Let p be (6/4)/(2/(-4)). Let n(g) be the second derivative of -2*g - 2/3*g**3 - 2*g**2 - 1/12*g**4 + 0. Give n(p).
-1
Let g be (-6)/15 - (-88)/20. Let j = 4 - g. Let w(p) = p**3 + p**2 - p + 7. Give w(j).
7
Let l = -1 + 4. Let r be (-4 + 2)*3/(-2). Suppose -c = s - 5*c, r*s - 9 = l*c. Let k(o) = o**3 - 3*o**2 - 6*o + 4. What is k(s)?
-4
Let m(d) = d**3 - 4*d**2 + 5*d + 4. Let j = 34 + -30. Give m(j).
24
Suppose 3*z + 4*z - 21 = 0. Let l(v) = -2*v + z*v - 2*v - 1 + 3*v. Calculate l(-3).
-7
Let f(j) be the second derivative of -j**4/2 + j**3/6 + j**2/2 - j. Let b(s) = s**2 - 1 + 3*s**2 - s - 5*s**2. Let h be b(-1). What is f(h)?
-6
Suppose 0*m - 16 = -m - 4*z, 2*m + 5*z = 17. Let p(v) = -2*v**2 - 7*v - 6. What is p(m)?
-10
Let b be (0 + 0)/(6 - 7). Let u(m) be the second derivative of b + 0*m**3 - 1/20*m**5 + 5/12*m**4 - m - 5/2*m**2. What is u(5)?
-5
Let v(q) be the second derivative of q**4/12 + q**3 + 3